{"id":177,"date":"2023-09-07T10:48:07","date_gmt":"2023-09-07T13:48:07","guid":{"rendered":"http:\/\/localhost\/gica\/?page_id=177"},"modified":"2025-04-28T09:44:01","modified_gmt":"2025-04-28T12:44:01","slug":"equipo","status":"publish","type":"page","link":"https:\/\/lica.ingenieria.uner.edu.ar\/index.php\/equipo\/","title":{"rendered":"Equipo"},"content":{"rendered":"\t\t<div data-elementor-type=\"wp-page\" data-elementor-id=\"177\" class=\"elementor elementor-177\">\n\t\t\t\t<div class=\"elementor-element elementor-element-fa3df68 e-flex e-con-boxed e-con e-parent\" data-id=\"fa3df68\" data-element_type=\"container\">\n\t\t\t\t\t<div class=\"e-con-inner\">\n\t\t\t\t<div class=\"elementor-element elementor-element-8967091 elementor-widget elementor-widget-heading\" data-id=\"8967091\" data-element_type=\"widget\" data-widget_type=\"heading.default\">\n\t\t\t\t<div class=\"elementor-widget-container\">\n\t\t\t\t\t<h2 class=\"elementor-heading-title elementor-size-default\">Nuestro Equipo<\/h2>\t\t\t\t<\/div>\n\t\t\t\t<\/div>\n\t\t\t\t\t<\/div>\n\t\t\t\t<\/div>\n\t\t<div class=\"elementor-element elementor-element-bf98a6a e-flex e-con-boxed e-con e-parent\" data-id=\"bf98a6a\" data-element_type=\"container\">\n\t\t\t\t\t<div class=\"e-con-inner\">\n\t\t\t\t<div class=\"elementor-element elementor-element-1d3fc2a elementor-widget-divider--view-line elementor-widget elementor-widget-divider\" data-id=\"1d3fc2a\" data-element_type=\"widget\" data-widget_type=\"divider.default\">\n\t\t\t\t<div class=\"elementor-widget-container\">\n\t\t\t\t\t\t\t<div class=\"elementor-divider\">\n\t\t\t<span class=\"elementor-divider-separator\">\n\t\t\t\t\t\t<\/span>\n\t\t<\/div>\n\t\t\t\t\t\t<\/div>\n\t\t\t\t<\/div>\n\t\t\t\t\t<\/div>\n\t\t\t\t<\/div>\n\t\t<div class=\"elementor-element elementor-element-1ccd14c e-flex e-con-boxed e-con e-parent\" data-id=\"1ccd14c\" data-element_type=\"container\">\n\t\t\t\t\t<div class=\"e-con-inner\">\n\t\t\t\t<div class=\"elementor-element elementor-element-17979f2 elementor-widget elementor-widget-text-editor\" data-id=\"17979f2\" data-element_type=\"widget\" data-widget_type=\"text-editor.default\">\n\t\t\t\t<div class=\"elementor-widget-container\">\n\t\t\t\t\t\t\t\t\t<h3>Director<\/h3><ul><li>Javier Eduardo Diaz Zamboni<\/li><\/ul><h3>Integrantes<\/h3><h4>Docentes<\/h4><ul><li>Jord\u00e1n Francisco Insfr\u00e1n<\/li><li>Juan Francisco Rizzato<\/li><li>Juan Manuel Cabrera<\/li><li>C\u00e9sar Iv\u00e1n Gonz\u00e1lez<\/li><\/ul><h4>Estudiantes<\/h4><ul><li>Justo Garc\u00eda<\/li><li>Lautaro Caupolic\u00e1n R\u00e9<\/li><li>Brisa Franco<\/li><li>Augusto Wursten<\/li><li>Luis Alberto Rodr\u00edguez<\/li><li>Lucas Gabirondo<\/li><li>Valent\u00edn Far\u00edas<\/li><li>Santiago Salinas<\/li><li>Giovanna Vi\u00f1oli<\/li><\/ul><h3>Ex miembros<\/h3><ul><li style=\"font-size: 16px;\">Diana Carolina Vertiz del Valle<\/li><li style=\"font-size: 16px;\">Mat\u00edas Madrid<\/li><li>Bruno Breggia<\/li><li>Mar\u00eda Bel\u00e9n Ferster<\/li><li>Francisco Rode<\/li><li>Walter L\u00f3pez<\/li><li>Marcos Cardozo<\/li><li>Sof\u00eda Luquez<\/li><\/ul>\t\t\t\t\t\t\t\t<\/div>\n\t\t\t\t<\/div>\n\t\t\t\t\t<\/div>\n\t\t\t\t<\/div>\n\t\t\t\t<\/div>\n\t\t","protected":false},"excerpt":{"rendered":"<p>Nuestro Equipo Director Javier Eduardo Diaz Zamboni Integrantes Docentes Jord\u00e1n Francisco Insfr\u00e1n Juan Francisco Rizzato Juan Manuel Cabrera C\u00e9sar Iv\u00e1n Gonz\u00e1lez Estudiantes Justo Garc\u00eda Lautaro Caupolic\u00e1n R\u00e9 Brisa Franco Augusto Wursten Luis Alberto Rodr\u00edguez Lucas Gabirondo Valent\u00edn Far\u00edas Santiago Salinas Giovanna Vi\u00f1oli Ex miembros Diana Carolina Vertiz del Valle Mat\u00edas Madrid Bruno Breggia Mar\u00eda Bel\u00e9n [&hellip;]<\/p>\n","protected":false},"author":1,"featured_media":0,"parent":0,"menu_order":0,"comment_status":"closed","ping_status":"closed","template":"","meta":{"site-sidebar-layout":"default","site-content-layout":"","ast-site-content-layout":"","site-content-style":"default","site-sidebar-style":"default","ast-global-header-display":"","ast-banner-title-visibility":"","ast-main-header-display":"","ast-hfb-above-header-display":"","ast-hfb-below-header-display":"","ast-hfb-mobile-header-display":"","site-post-title":"disabled","ast-breadcrumbs-content":"","ast-featured-img":"","footer-sml-layout":"","theme-transparent-header-meta":"","adv-header-id-meta":"","stick-header-meta":"","header-above-stick-meta":"","header-main-stick-meta":"","header-below-stick-meta":"","astra-migrate-meta-layouts":"default","ast-page-background-enabled":"default","ast-page-background-meta":{"desktop":{"background-color":"var(--ast-global-color-5)","background-image":"","background-repeat":"repeat","background-position":"center center","background-size":"auto","background-attachment":"scroll","background-type":"","background-media":"","overlay-type":"","overlay-color":"","overlay-opacity":"","overlay-gradient":""},"tablet":{"background-color":"","background-image":"","background-repeat":"repeat","background-position":"center center","background-size":"auto","background-attachment":"scroll","background-type":"","background-media":"","overlay-type":"","overlay-color":"","overlay-opacity":"","overlay-gradient":""},"mobile":{"background-color":"","background-image":"","background-repeat":"repeat","background-position":"center center","background-size":"auto","background-attachment":"scroll","background-type":"","background-media":"","overlay-type":"","overlay-color":"","overlay-opacity":"","overlay-gradient":""}},"ast-content-background-meta":{"desktop":{"background-color":"var(--ast-global-color-4)","background-image":"","background-repeat":"repeat","background-position":"center center","background-size":"auto","background-attachment":"scroll","background-type":"","background-media":"","overlay-type":"","overlay-color":"","overlay-opacity":"","overlay-gradient":""},"tablet":{"background-color":"var(--ast-global-color-4)","background-image":"","background-repeat":"repeat","background-position":"center center","background-size":"auto","background-attachment":"scroll","background-type":"","background-media":"","overlay-type":"","overlay-color":"","overlay-opacity":"","overlay-gradient":""},"mobile":{"background-color":"var(--ast-global-color-4)","background-image":"","background-repeat":"repeat","background-position":"center center","background-size":"auto","background-attachment":"scroll","background-type":"","background-media":"","overlay-type":"","overlay-color":"","overlay-opacity":"","overlay-gradient":""}},"footnotes":""},"class_list":["post-177","page","type-page","status-publish","hentry"],"_links":{"self":[{"href":"https:\/\/lica.ingenieria.uner.edu.ar\/index.php\/wp-json\/wp\/v2\/pages\/177","targetHints":{"allow":["GET"]}}],"collection":[{"href":"https:\/\/lica.ingenieria.uner.edu.ar\/index.php\/wp-json\/wp\/v2\/pages"}],"about":[{"href":"https:\/\/lica.ingenieria.uner.edu.ar\/index.php\/wp-json\/wp\/v2\/types\/page"}],"author":[{"embeddable":true,"href":"https:\/\/lica.ingenieria.uner.edu.ar\/index.php\/wp-json\/wp\/v2\/users\/1"}],"replies":[{"embeddable":true,"href":"https:\/\/lica.ingenieria.uner.edu.ar\/index.php\/wp-json\/wp\/v2\/comments?post=177"}],"version-history":[{"count":45,"href":"https:\/\/lica.ingenieria.uner.edu.ar\/index.php\/wp-json\/wp\/v2\/pages\/177\/revisions"}],"predecessor-version":[{"id":531,"href":"https:\/\/lica.ingenieria.uner.edu.ar\/index.php\/wp-json\/wp\/v2\/pages\/177\/revisions\/531"}],"wp:attachment":[{"href":"https:\/\/lica.ingenieria.uner.edu.ar\/index.php\/wp-json\/wp\/v2\/media?parent=177"}],"curies":[{"name":"wp","href":"https:\/\/api.w.org\/{rel}","templated":true}]}}