{"id":22,"date":"2023-08-17T22:42:01","date_gmt":"2023-08-17T22:42:01","guid":{"rendered":"http:\/\/localhost\/gica\/?page_id=22"},"modified":"2024-04-07T08:06:07","modified_gmt":"2024-04-07T11:06:07","slug":"acerca-de","status":"publish","type":"page","link":"https:\/\/lica.ingenieria.uner.edu.ar\/index.php\/acerca-de\/","title":{"rendered":"Acerca de"},"content":{"rendered":"\n<div class=\"wp-block-columns is-layout-flex wp-container-core-columns-is-layout-28f84493 wp-block-columns-is-layout-flex\">\n<div class=\"wp-block-column is-layout-flow wp-block-column-is-layout-flow\">\n<p class=\"has-normal-font-size\">El Laboratorio de Inform\u00e1tica y Computaci\u00f3n Aplicada (LICA) es un n\u00facleo de I+D+i de la Facultad de Ingenier\u00eda de la Universidad Nacional de Entre R\u00edos (FI-UNER). Tiene como objetivo principal establecer un espacio para la investigaci\u00f3n, desarrollo e innovaci\u00f3n en el campo de la computaci\u00f3n e inform\u00e1tica aplicada. El laboratorio se centra en la generaci\u00f3n de conocimientos y la creaci\u00f3n de soluciones cient\u00edficas y tecnol\u00f3gicas de alto impacto, as\u00ed como en el desarrollo de capacidades humanas, que puedan aportar efectivamente al conocimiento cient\u00edfico, al desarrollo de m\u00e9todos y t\u00e9cnicas con potencial de transferencia a la industria local, regional y nacional. Al abordar desaf\u00edos cient\u00edficos-tecnol\u00f3gicos de relevancia, se busca que el LICA contribuya al progreso y bienestar de la comunidad acad\u00e9mica y la sociedad en su conjunto.<\/p>\n\n\n\n<p class=\"has-normal-font-size\"><\/p>\n<\/div>\n<\/div>\n","protected":false},"excerpt":{"rendered":"<p>El Laboratorio de Inform\u00e1tica y Computaci\u00f3n Aplicada (LICA) es un n\u00facleo de I+D+i de la Facultad de Ingenier\u00eda de la Universidad Nacional de Entre R\u00edos (FI-UNER). Tiene como objetivo principal establecer un espacio para la investigaci\u00f3n, desarrollo e innovaci\u00f3n en el campo de la computaci\u00f3n e inform\u00e1tica aplicada. El laboratorio se centra en la generaci\u00f3n [&hellip;]<\/p>\n","protected":false},"author":1,"featured_media":0,"parent":0,"menu_order":0,"comment_status":"closed","ping_status":"closed","template":"","meta":{"site-sidebar-layout":"default","site-content-layout":"","ast-site-content-layout":"","site-content-style":"default","site-sidebar-style":"default","ast-global-header-display":"","ast-banner-title-visibility":"","ast-main-header-display":"","ast-hfb-above-header-display":"","ast-hfb-below-header-display":"","ast-hfb-mobile-header-display":"","site-post-title":"","ast-breadcrumbs-content":"","ast-featured-img":"","footer-sml-layout":"","theme-transparent-header-meta":"","adv-header-id-meta":"","stick-header-meta":"","header-above-stick-meta":"","header-main-stick-meta":"","header-below-stick-meta":"","astra-migrate-meta-layouts":"default","ast-page-background-enabled":"default","ast-page-background-meta":{"desktop":{"background-color":"var(--ast-global-color-5)","background-image":"","background-repeat":"repeat","background-position":"center center","background-size":"auto","background-attachment":"scroll","background-type":"","background-media":"","overlay-type":"","overlay-color":"","overlay-opacity":"","overlay-gradient":""},"tablet":{"background-color":"","background-image":"","background-repeat":"repeat","background-position":"center center","background-size":"auto","background-attachment":"scroll","background-type":"","background-media":"","overlay-type":"","overlay-color":"","overlay-opacity":"","overlay-gradient":""},"mobile":{"background-color":"","background-image":"","background-repeat":"repeat","background-position":"center center","background-size":"auto","background-attachment":"scroll","background-type":"","background-media":"","overlay-type":"","overlay-color":"","overlay-opacity":"","overlay-gradient":""}},"ast-content-background-meta":{"desktop":{"background-color":"var(--ast-global-color-4)","background-image":"","background-repeat":"repeat","background-position":"center center","background-size":"auto","background-attachment":"scroll","background-type":"","background-media":"","overlay-type":"","overlay-color":"","overlay-opacity":"","overlay-gradient":""},"tablet":{"background-color":"var(--ast-global-color-4)","background-image":"","background-repeat":"repeat","background-position":"center center","background-size":"auto","background-attachment":"scroll","background-type":"","background-media":"","overlay-type":"","overlay-color":"","overlay-opacity":"","overlay-gradient":""},"mobile":{"background-color":"var(--ast-global-color-4)","background-image":"","background-repeat":"repeat","background-position":"center center","background-size":"auto","background-attachment":"scroll","background-type":"","background-media":"","overlay-type":"","overlay-color":"","overlay-opacity":"","overlay-gradient":""}},"footnotes":""},"class_list":["post-22","page","type-page","status-publish","hentry"],"_links":{"self":[{"href":"https:\/\/lica.ingenieria.uner.edu.ar\/index.php\/wp-json\/wp\/v2\/pages\/22","targetHints":{"allow":["GET"]}}],"collection":[{"href":"https:\/\/lica.ingenieria.uner.edu.ar\/index.php\/wp-json\/wp\/v2\/pages"}],"about":[{"href":"https:\/\/lica.ingenieria.uner.edu.ar\/index.php\/wp-json\/wp\/v2\/types\/page"}],"author":[{"embeddable":true,"href":"https:\/\/lica.ingenieria.uner.edu.ar\/index.php\/wp-json\/wp\/v2\/users\/1"}],"replies":[{"embeddable":true,"href":"https:\/\/lica.ingenieria.uner.edu.ar\/index.php\/wp-json\/wp\/v2\/comments?post=22"}],"version-history":[{"count":4,"href":"https:\/\/lica.ingenieria.uner.edu.ar\/index.php\/wp-json\/wp\/v2\/pages\/22\/revisions"}],"predecessor-version":[{"id":312,"href":"https:\/\/lica.ingenieria.uner.edu.ar\/index.php\/wp-json\/wp\/v2\/pages\/22\/revisions\/312"}],"wp:attachment":[{"href":"https:\/\/lica.ingenieria.uner.edu.ar\/index.php\/wp-json\/wp\/v2\/media?parent=22"}],"curies":[{"name":"wp","href":"https:\/\/api.w.org\/{rel}","templated":true}]}}